hat are the prime factors of 84725?
5, 3389
What are the prime factors of 150033?
3, 13, 3847
What are the prime factors of 4636848?
2, 3, 96601
What are the prime factors of 2444408?
2, 305551
What are the prime factors of 413925?
3, 5, 5519
List the prime factors of 14788834.
2, 7394417
What are the prime factors of 6461526?
2, 3, 1076921
What are the prime factors of 874095?
3, 5, 19, 3067
What are the prime factors of 14340360?
2, 3, 5, 119503
What are the prime factors of 29512?
2, 7, 17, 31
List the prime factors of 2612153.
31, 84263
List the prime factors of 768972.
2, 3, 64081
List the prime factors of 2034726.
2, 3, 339121
List the prime factors of 216833.
29, 7477
List the prime factors of 193023.
3, 2383
List the prime factors of 276831.
3, 10253
List the prime factors of 2227628.
2, 13, 42839
What are the prime factors of 396352?
2, 11, 563
List the prime factors of 184843.
184843
What are the prime factors of 234100?
2, 5, 2341
What are the prime factors of 163141?
11, 14831
List the prime factors of 39483638.
2, 19741819
What are the prime factors of 441689?
79, 5591
What are the prime factors of 598543?
11, 54413
List the prime factors of 964017.
3, 43, 47, 53
What are the prime factors of 5928978?
2, 3, 11, 89833
List the prime factors of 703247.
19, 37013
List the prime factors of 322393.
29, 11117
List the prime factors of 3123695.
5, 19, 131, 251
List the prime factors of 2092140.
2, 3, 5, 59, 197
List the prime factors of 19072967.
31, 89, 223
What are the prime factors of 677299?
7, 96757
What are the prime factors of 987438?
2, 3, 199, 827
List the prime factors of 819342.
2, 3, 15173
List the prime factors of 1398781.
1398781
What are the prime factors of 681588?
2, 3, 6311
What are the prime factors of 7038043?
7038043
List the prime factors of 33581.
33581
What are the prime factors of 13492933?
13492933
List the prime factors of 975915.
3, 5, 7229
List the prime factors of 13838268.
2, 3, 499, 2311
What are the prime factors of 4702207?
4702207
What are the prime factors of 13292504?
2, 17, 43, 2273
List the prime factors of 1710562.
2, 7, 61, 2003
List the prime factors of 3880176.
2, 3, 229, 353
What are the prime factors of 85648?
2, 53, 101
What are the prime factors of 4091?
4091
List the prime factors of 9565168.
2, 597823
List the prime factors of 9376359.
3, 47, 66499
What are the prime factors of 1545649?
7, 220807
List the prime factors of 680824.
2, 85103
List the prime factors of 2206076.
2, 551519
What are the prime factors of 101656?
2, 97, 131
List the prime factors of 3564095.
5, 712819
List the prime factors of 1112887.
19, 58573
What are the prime factors of 14950707?
3, 83, 97, 619
List the prime factors of 26648014.
2, 13324007
List the prime factors of 275978.
2, 17, 8117
List the prime factors of 937899.
3, 11579
What are the prime factors of 447097?
7, 23, 2777
List the prime factors of 209044.
2, 11, 4751
List the prime factors of 1512847.
7, 17, 12713
List the prime factors of 892737.
3, 281, 353
What are the prime factors of 101701?
101701
What are the prime factors of 1185892?
2, 296473
List the prime factors of 667433.
13, 51341
List the prime factors of 2470491.
3, 17, 67, 241
List the prime factors of 3026609.
3026609
List the prime factors of 2038440.
2, 3, 5, 16987
List the prime factors of 1111356.
2, 3, 30871
List the prime factors of 282600.
2, 3, 5, 157
List the prime factors of 6503759.
61, 106619
List the prime factors of 369504.
2, 3, 1283
What are the prime factors of 297664?
2, 4651
What are the prime factors of 1016347?
23, 44189
List the prime factors of 151038.
2, 3, 2797
List the prime factors of 936966.
2, 3, 19, 8219
What are the prime factors of 7678451?
11, 19, 36739
What are the prime factors of 1879572?
2, 3, 156631
What are the prime factors of 456521?
13, 35117
What are the prime factors of 590451?
3, 196817
What are the prime factors of 13867088?
2, 866693
List the prime factors of 68356.
2, 23, 743
What are the prime factors of 696317?
696317
List the prime factors of 922218.
2, 3, 11, 89, 157
List the prime factors of 1022752.
2, 31, 1031
What are the prime factors of 11682998?
2, 29, 157, 1283
What are the prime factors of 81467?
41, 1987
What are the prime factors of 1110017?
31, 61, 587
What are the prime factors of 323739?
3, 13, 2767
List the prime factors of 24740074.
2, 29, 426553
List the prime factors of 1727551.
7, 246793
List the prime factors of 1039040.
2, 5, 17, 191
List the prime factors of 1579177.
277, 5701
List the prime factors of 2886582.
2, 3, 481097
List the prime factors of 72690.
2, 3, 5, 2423
What are the prime factors of 3291128?
2, 47, 8753
What are the prime factors of 4416591?
3, 1472197
What are the prime factors of 20990738?
2, 479, 21911
List the prime factors of 1972100.
2, 5, 13, 37, 41
List the prime factors of 702231.
3, 79, 2963
List the prime factors of 232220.
2, 5, 17, 683
What are the prime factors of 904610?
2, 5, 7, 12923
What are the prime factors of 228397?
13, 17569
What are the prime factors of 125264?
2, 7829
List the prime factors of 310609.
13, 23893
What are the prime factors of 1300656?
2, 3, 7, 79
List the prime factors of 919397.
59, 15583
What are the prime factors of 1192698?
2, 3, 13, 1699
What are the prime factors of 2164739?
2164739
What are the prime factors of 32098538?
2, 73, 109, 2017
What are the prime factors of 393804?
2, 3, 10939
What are the prime factors of 8974029?
3, 173, 17291
What are the prime factors of 4426779?
3, 7, 71, 2969
What are the prime factors of 8673258?
2, 3, 11, 131413
What are the prime factors of 8934157?
53, 101, 1669
What are the prime factors of 122014?
2, 61007
What are the prime factors of 240761?
71, 3391
List the prime factors of 7832650.
2, 5, 7, 23, 139
What are the prime factors of 27684218?
2, 439, 31531
What are the prime factors of 18586193?
18586193
What are the prime factors of 5988436?
2, 983, 1523
What are the prime factors of 154845?
3, 5, 31, 37
List the prime factors of 19833105.
3, 5, 43, 97, 317
List the prime factors of 5544724.
2, 1386181
What are the prime factors of 23993?
23993
What are the prime factors of 487651?
487651
List the prime factors of 27304.
2, 3413
What are the prime factors of 624574?
2, 59, 67, 79
List the prime factors of 649472.
2, 43, 59
List the prime factors of 1910794.
2, 23, 41539
List the prime factors of 6703323.
3, 11, 71, 2861
List the prime factors of 173615.
5, 13, 2671
List the prime factors of 4363780.
2, 5, 37, 5897
What are the prime factors of 1674249?
3, 558083
What are the prime factors of 1492386?
2, 3, 7, 35533
List the prime factors of 1353296.
2, 7, 43, 281
List the prime factors of 2256188.
2, 11, 47, 1091
List the prime factors of 6704.
2, 419
List the prime factors of 5550653.
17, 47, 6947
List the prime factors of 231890.
2, 5, 23189
List the prime factors of 1780620.
2, 3, 5, 59, 503
List the prime factors of 3169215.
3, 5, 7, 10061
What are the prime factors of 960826?
2, 73, 6581
What are the prime factors of 24092025?
3, 5, 321227
List the prime factors of 20654893.
7, 463, 6373
What are the prime factors of 89954?
2, 41, 1097
List the prime factors of 16437603.
3, 7, 13, 19, 3169
What are the prime factors of 114947?
7, 16421
List the prime factors of 3290935.
5, 658187
What are the prime factors of 4279435?
5, 855887
List the prime factors of 4117230.
2, 3, 5, 13, 17, 23
List the prime factors of 1788390.
2, 3, 5, 31, 641
What are the prime factors of 217544?
2, 71, 383
What are the prime factors of 3201126?
2, 3, 67, 7963
List the prime factors of 5571714.
2, 3, 928619
What are the prime factors of 390349?
83, 4703
What are the prime factors of 6524473?
6524473
What are the prime factors of 13562417?
11, 1232947
What are the prime factors of 357097?
13, 2113
List the prime factors of 627982.
2, 313991
List the prime factors of 2102449.
229, 9181
What are the prime factors of 951784?
2, 118973
What are the prime factors of 1225611?
3, 15131
What are the prime factors of 840854?
2, 7, 17, 3533
What are the prime factors of 752754?
2, 3, 109, 1151
List the prime factors of 4065548.
2, 211, 4817
What are the prime factors of 93124?
2, 31, 751
What are the prime factors of 169723?
89, 1907
What a